{"id":13024,"date":"2020-01-27T14:06:14","date_gmt":"2020-01-27T13:06:14","guid":{"rendered":"https:\/\/ietu.pl\/wp-content\/uploads\/2020\/01\/Ma\u0142gorzata-Jarosi\u0144ska-Jedynak.jpg"},"modified":"2020-01-27T14:57:47","modified_gmt":"2020-01-27T13:57:47","slug":"malgorzata-jarosinska-jedynak-2","status":"inherit","type":"attachment","link":"https:\/\/ietu.pl\/en\/malgorzata-jarosinska-jedynak-2\/","title":{"rendered":"Ma\u0142gorzata Jarosi\u0144ska-Jedynak"},"author":8,"comment_status":"open","ping_status":"closed","template":"","meta":[],"aioseo_notices":[],"description":{"rendered":"<p class=\"attachment\"><a href='https:\/\/ietu.pl\/wp-content\/uploads\/2020\/01\/Ma\u0142gorzata-Jarosi\u0144ska-Jedynak.jpg'><img width=\"570\" height=\"760\" src=\"https:\/\/ietu.pl\/wp-content\/uploads\/2020\/01\/Ma\u0142gorzata-Jarosi\u0144ska-Jedynak-570x760.jpg\" class=\"attachment-medium size-medium\" alt=\"\" decoding=\"async\" loading=\"lazy\" srcset=\"https:\/\/ietu.pl\/wp-content\/uploads\/2020\/01\/Ma\u0142gorzata-Jarosi\u0144ska-Jedynak-570x760.jpg 570w, https:\/\/ietu.pl\/wp-content\/uploads\/2020\/01\/Ma\u0142gorzata-Jarosi\u0144ska-Jedynak-768x1024.jpg 768w, https:\/\/ietu.pl\/wp-content\/uploads\/2020\/01\/Ma\u0142gorzata-Jarosi\u0144ska-Jedynak-1140x1520.jpg 1140w, https:\/\/ietu.pl\/wp-content\/uploads\/2020\/01\/Ma\u0142gorzata-Jarosi\u0144ska-Jedynak-75x100.jpg 75w, https:\/\/ietu.pl\/wp-content\/uploads\/2020\/01\/Ma\u0142gorzata-Jarosi\u0144ska-Jedynak.jpg 1536w\" sizes=\"(max-width: 570px) 100vw, 570px\" \/><\/a><\/p>\n"},"caption":{"rendered":"<p>Spotkanie informuj\u0105ce o Funduszu Sprawiedliwej Transformacji, Katowice 27.01.2020 &#8211; <\/p>\n"},"alt_text":"","media_type":"image","mime_type":"image\/jpeg","media_details":{"width":1536,"height":2048,"file":"2020\/01\/Ma\u0142gorzata-Jarosi\u0144ska-Jedynak.jpg","sizes":{"thumbnail":{"file":"Ma\u0142gorzata-Jarosi\u0144ska-Jedynak-375x228.jpg","width":375,"height":228,"mime_type":"image\/jpeg","source_url":"https:\/\/ietu.pl\/wp-content\/uploads\/2020\/01\/Ma\u0142gorzata-Jarosi\u0144ska-Jedynak-375x228.jpg"},"medium":{"file":"Ma\u0142gorzata-Jarosi\u0144ska-Jedynak-570x760.jpg","width":570,"height":760,"mime_type":"image\/jpeg","source_url":"https:\/\/ietu.pl\/wp-content\/uploads\/2020\/01\/Ma\u0142gorzata-Jarosi\u0144ska-Jedynak-570x760.jpg"},"medium_large":{"file":"Ma\u0142gorzata-Jarosi\u0144ska-Jedynak-768x1024.jpg","width":768,"height":1024,"mime_type":"image\/jpeg","source_url":"https:\/\/ietu.pl\/wp-content\/uploads\/2020\/01\/Ma\u0142gorzata-Jarosi\u0144ska-Jedynak-768x1024.jpg"},"large":{"file":"Ma\u0142gorzata-Jarosi\u0144ska-Jedynak-1140x1520.jpg","width":1140,"height":1520,"mime_type":"image\/jpeg","source_url":"https:\/\/ietu.pl\/wp-content\/uploads\/2020\/01\/Ma\u0142gorzata-Jarosi\u0144ska-Jedynak-1140x1520.jpg"},"post-thumbnail":{"file":"Ma\u0142gorzata-Jarosi\u0144ska-Jedynak-1140x500.jpg","width":1140,"height":500,"mime_type":"image\/jpeg","source_url":"https:\/\/ietu.pl\/wp-content\/uploads\/2020\/01\/Ma\u0142gorzata-Jarosi\u0144ska-Jedynak-1140x500.jpg"},"post-thumbnails":{"file":"Ma\u0142gorzata-Jarosi\u0144ska-Jedynak-1536x400.jpg","width":1536,"height":400,"mime_type":"image\/jpeg","source_url":"https:\/\/ietu.pl\/wp-content\/uploads\/2020\/01\/Ma\u0142gorzata-Jarosi\u0144ska-Jedynak-1536x400.jpg"},"slider":{"file":"Ma\u0142gorzata-Jarosi\u0144ska-Jedynak-1536x800.jpg","width":1536,"height":800,"mime_type":"image\/jpeg","source_url":"https:\/\/ietu.pl\/wp-content\/uploads\/2020\/01\/Ma\u0142gorzata-Jarosi\u0144ska-Jedynak-1536x800.jpg"},"page-slider":{"file":"Ma\u0142gorzata-Jarosi\u0144ska-Jedynak-1536x503.jpg","width":1536,"height":503,"mime_type":"image\/jpeg","source_url":"https:\/\/ietu.pl\/wp-content\/uploads\/2020\/01\/Ma\u0142gorzata-Jarosi\u0144ska-Jedynak-1536x503.jpg"},"loga":{"file":"Ma\u0142gorzata-Jarosi\u0144ska-Jedynak-75x100.jpg","width":75,"height":100,"mime_type":"image\/jpeg","source_url":"https:\/\/ietu.pl\/wp-content\/uploads\/2020\/01\/Ma\u0142gorzata-Jarosi\u0144ska-Jedynak-75x100.jpg"},"pracownik":{"file":"Ma\u0142gorzata-Jarosi\u0144ska-Jedynak-780x564.jpg","width":780,"height":564,"mime_type":"image\/jpeg","source_url":"https:\/\/ietu.pl\/wp-content\/uploads\/2020\/01\/Ma\u0142gorzata-Jarosi\u0144ska-Jedynak-780x564.jpg"},"galeria-slider":{"file":"Ma\u0142gorzata-Jarosi\u0144ska-Jedynak-1140x700.jpg","width":1140,"height":700,"mime_type":"image\/jpeg","source_url":"https:\/\/ietu.pl\/wp-content\/uploads\/2020\/01\/Ma\u0142gorzata-Jarosi\u0144ska-Jedynak-1140x700.jpg"},"sow-carousel-default":{"file":"Ma\u0142gorzata-Jarosi\u0144ska-Jedynak-272x182.jpg","width":272,"height":182,"mime_type":"image\/jpeg","source_url":"https:\/\/ietu.pl\/wp-content\/uploads\/2020\/01\/Ma\u0142gorzata-Jarosi\u0144ska-Jedynak-272x182.jpg"},"full":{"file":"Ma\u0142gorzata-Jarosi\u0144ska-Jedynak.jpg","width":1536,"height":2048,"mime_type":"image\/jpeg","source_url":"https:\/\/ietu.pl\/wp-content\/uploads\/2020\/01\/Ma\u0142gorzata-Jarosi\u0144ska-Jedynak.jpg"}},"image_meta":{"aperture":"2.2","credit":"","camera":"iPhone 6s Plus","caption":"","created_timestamp":"1580121573","copyright":"","focal_length":"4.15","iso":"50","shutter_speed":"0.03030303030303","title":"","orientation":"1","keywords":[]}},"post":null,"source_url":"https:\/\/ietu.pl\/wp-content\/uploads\/2020\/01\/Ma\u0142gorzata-Jarosi\u0144ska-Jedynak.jpg","_links":{"self":[{"href":"https:\/\/ietu.pl\/en\/wp-json\/wp\/v2\/media\/13024"}],"collection":[{"href":"https:\/\/ietu.pl\/en\/wp-json\/wp\/v2\/media"}],"about":[{"href":"https:\/\/ietu.pl\/en\/wp-json\/wp\/v2\/types\/attachment"}],"author":[{"embeddable":true,"href":"https:\/\/ietu.pl\/en\/wp-json\/wp\/v2\/users\/8"}],"replies":[{"embeddable":true,"href":"https:\/\/ietu.pl\/en\/wp-json\/wp\/v2\/comments?post=13024"}]}}

https://ietu.pl/wp-content/uploads/2020/01/Małgorzata-Jarosińska-Jedynak.jpg

Małgorzata Jarosińska-Jedynak

<p class="attachment"><a href='https://ietu.pl/wp-content/uploads/2020/01/Małgorzata-Jarosińska-Jedynak.jpg'><img width="570" height="760" src="https://ietu.pl/wp-content/uploads/2020/01/Małgorzata-Jarosińska-Jedynak-570x760.jpg" class="attachment-medium size-medium" alt="" decoding="async" loading="lazy" srcset="https://ietu.pl/wp-content/uploads/2020/01/Małgorzata-Jarosińska-Jedynak-570x760.jpg 570w, https://ietu.pl/wp-content/uploads/2020/01/Małgorzata-Jarosińska-Jedynak-768x1024.jpg 768w, https://ietu.pl/wp-content/uploads/2020/01/Małgorzata-Jarosińska-Jedynak-1140x1520.jpg 1140w, https://ietu.pl/wp-content/uploads/2020/01/Małgorzata-Jarosińska-Jedynak-75x100.jpg 75w, https://ietu.pl/wp-content/uploads/2020/01/Małgorzata-Jarosińska-Jedynak.jpg 1536w" sizes="(max-width: 570px) 100vw, 570px" /></a></p>

<p>Spotkanie informujące o Funduszu Sprawiedliwej Transformacji, Katowice 27.01.2020 &#8211; </p>

2020/01/Małgorzata-Jarosińska-Jedynak.jpg

Małgorzata-Jarosińska-Jedynak-375x228.jpg

https://ietu.pl/wp-content/uploads/2020/01/Małgorzata-Jarosińska-Jedynak-375x228.jpg

Małgorzata-Jarosińska-Jedynak-570x760.jpg

https://ietu.pl/wp-content/uploads/2020/01/Małgorzata-Jarosińska-Jedynak-570x760.jpg

Małgorzata-Jarosińska-Jedynak-768x1024.jpg

https://ietu.pl/wp-content/uploads/2020/01/Małgorzata-Jarosińska-Jedynak-768x1024.jpg

Małgorzata-Jarosińska-Jedynak-1140x1520.jpg

https://ietu.pl/wp-content/uploads/2020/01/Małgorzata-Jarosińska-Jedynak-1140x1520.jpg

Małgorzata-Jarosińska-Jedynak-1140x500.jpg

https://ietu.pl/wp-content/uploads/2020/01/Małgorzata-Jarosińska-Jedynak-1140x500.jpg

Małgorzata-Jarosińska-Jedynak-1536x400.jpg

https://ietu.pl/wp-content/uploads/2020/01/Małgorzata-Jarosińska-Jedynak-1536x400.jpg

Małgorzata-Jarosińska-Jedynak-1536x800.jpg

https://ietu.pl/wp-content/uploads/2020/01/Małgorzata-Jarosińska-Jedynak-1536x800.jpg

Małgorzata-Jarosińska-Jedynak-1536x503.jpg

https://ietu.pl/wp-content/uploads/2020/01/Małgorzata-Jarosińska-Jedynak-1536x503.jpg

Małgorzata-Jarosińska-Jedynak-75x100.jpg

https://ietu.pl/wp-content/uploads/2020/01/Małgorzata-Jarosińska-Jedynak-75x100.jpg

Małgorzata-Jarosińska-Jedynak-780x564.jpg

https://ietu.pl/wp-content/uploads/2020/01/Małgorzata-Jarosińska-Jedynak-780x564.jpg

Małgorzata-Jarosińska-Jedynak-1140x700.jpg

https://ietu.pl/wp-content/uploads/2020/01/Małgorzata-Jarosińska-Jedynak-1140x700.jpg

Małgorzata-Jarosińska-Jedynak-272x182.jpg

https://ietu.pl/wp-content/uploads/2020/01/Małgorzata-Jarosińska-Jedynak-272x182.jpg

Małgorzata-Jarosińska-Jedynak.jpg
