{"id":25184,"date":"2024-03-18T16:04:50","date_gmt":"2024-03-18T15:04:50","guid":{"rendered":"https:\/\/ietu.pl\/wp-content\/uploads\/2024\/03\/DSC_2025.jpg"},"modified":"2024-03-18T16:06:05","modified_gmt":"2024-03-18T15:06:05","slug":"dsc_2025-2","status":"inherit","type":"attachment","link":"https:\/\/ietu.pl\/en\/dsc_2025-2\/","title":{"rendered":"DSC_2025"},"author":8,"comment_status":"open","ping_status":"closed","template":"","meta":[],"aioseo_notices":[],"description":{"rendered":"<p class=\"attachment\"><a href='https:\/\/ietu.pl\/wp-content\/uploads\/2024\/03\/DSC_2025.jpg'><img width=\"570\" height=\"379\" src=\"https:\/\/ietu.pl\/wp-content\/uploads\/2024\/03\/DSC_2025-570x379.jpg\" class=\"attachment-medium size-medium\" alt=\"\" decoding=\"async\" loading=\"lazy\" srcset=\"https:\/\/ietu.pl\/wp-content\/uploads\/2024\/03\/DSC_2025-570x379.jpg 570w, https:\/\/ietu.pl\/wp-content\/uploads\/2024\/03\/DSC_2025-1140x758.jpg 1140w, https:\/\/ietu.pl\/wp-content\/uploads\/2024\/03\/DSC_2025-768x511.jpg 768w, https:\/\/ietu.pl\/wp-content\/uploads\/2024\/03\/DSC_2025-1536x1022.jpg 1536w, https:\/\/ietu.pl\/wp-content\/uploads\/2024\/03\/DSC_2025-150x100.jpg 150w, https:\/\/ietu.pl\/wp-content\/uploads\/2024\/03\/DSC_2025-272x182.jpg 272w, https:\/\/ietu.pl\/wp-content\/uploads\/2024\/03\/DSC_2025.jpg 2048w\" sizes=\"(max-width: 570px) 100vw, 570px\" \/><\/a><\/p>\n<p>Pani Minister Urszula Zieli\u0144ska z wizyt\u0105 w IETU - 12.03.2024. Fot. Z. Przybysz, MKi\u015a<\/p>\n"},"caption":{"rendered":"<p>Pani Minister Urszula Zieli\u0144ska z wizyt\u0105 w IETU &#8211; 12.03.2024. Fot. Z. Przybysz, MKi\u015a<\/p>\n"},"alt_text":"","media_type":"image","mime_type":"image\/jpeg","media_details":{"width":2048,"height":1362,"file":"2024\/03\/DSC_2025.jpg","filesize":490782,"sizes":{"medium":{"file":"DSC_2025-570x379.jpg","width":570,"height":379,"filesize":75822,"mime_type":"image\/jpeg","source_url":"https:\/\/ietu.pl\/wp-content\/uploads\/2024\/03\/DSC_2025-570x379.jpg"},"large":{"file":"DSC_2025-1140x758.jpg","width":1140,"height":758,"filesize":182849,"mime_type":"image\/jpeg","source_url":"https:\/\/ietu.pl\/wp-content\/uploads\/2024\/03\/DSC_2025-1140x758.jpg"},"thumbnail":{"file":"DSC_2025-375x228.jpg","width":375,"height":228,"filesize":52868,"mime_type":"image\/jpeg","source_url":"https:\/\/ietu.pl\/wp-content\/uploads\/2024\/03\/DSC_2025-375x228.jpg"},"medium_large":{"file":"DSC_2025-768x511.jpg","width":768,"height":511,"filesize":105747,"mime_type":"image\/jpeg","source_url":"https:\/\/ietu.pl\/wp-content\/uploads\/2024\/03\/DSC_2025-768x511.jpg"},"1536x1536":{"file":"DSC_2025-1536x1022.jpg","width":1536,"height":1022,"filesize":286706,"mime_type":"image\/jpeg","source_url":"https:\/\/ietu.pl\/wp-content\/uploads\/2024\/03\/DSC_2025-1536x1022.jpg"},"post-thumbnail":{"file":"DSC_2025-1140x500.jpg","width":1140,"height":500,"filesize":144988,"mime_type":"image\/jpeg","source_url":"https:\/\/ietu.pl\/wp-content\/uploads\/2024\/03\/DSC_2025-1140x500.jpg"},"post-thumbnails":{"file":"DSC_2025-1920x400.jpg","width":1920,"height":400,"filesize":158994,"mime_type":"image\/jpeg","source_url":"https:\/\/ietu.pl\/wp-content\/uploads\/2024\/03\/DSC_2025-1920x400.jpg"},"slider":{"file":"DSC_2025-1920x800.jpg","width":1920,"height":800,"filesize":295858,"mime_type":"image\/jpeg","source_url":"https:\/\/ietu.pl\/wp-content\/uploads\/2024\/03\/DSC_2025-1920x800.jpg"},"page-slider":{"file":"DSC_2025-1920x503.jpg","width":1920,"height":503,"filesize":193315,"mime_type":"image\/jpeg","source_url":"https:\/\/ietu.pl\/wp-content\/uploads\/2024\/03\/DSC_2025-1920x503.jpg"},"imagebg":{"file":"DSC_2025-1920x1362.jpg","width":1920,"height":1362,"filesize":469084,"mime_type":"image\/jpeg","source_url":"https:\/\/ietu.pl\/wp-content\/uploads\/2024\/03\/DSC_2025-1920x1362.jpg"},"loga":{"file":"DSC_2025-150x100.jpg","width":150,"height":100,"filesize":38901,"mime_type":"image\/jpeg","source_url":"https:\/\/ietu.pl\/wp-content\/uploads\/2024\/03\/DSC_2025-150x100.jpg"},"pracownik":{"file":"DSC_2025-780x564.jpg","width":780,"height":564,"filesize":115694,"mime_type":"image\/jpeg","source_url":"https:\/\/ietu.pl\/wp-content\/uploads\/2024\/03\/DSC_2025-780x564.jpg"},"galeria-slider":{"file":"DSC_2025-1140x700.jpg","width":1140,"height":700,"filesize":175809,"mime_type":"image\/jpeg","source_url":"https:\/\/ietu.pl\/wp-content\/uploads\/2024\/03\/DSC_2025-1140x700.jpg"},"sow-carousel-default":{"file":"DSC_2025-272x182.jpg","width":272,"height":182,"filesize":45314,"mime_type":"image\/jpeg","source_url":"https:\/\/ietu.pl\/wp-content\/uploads\/2024\/03\/DSC_2025-272x182.jpg"},"full":{"file":"DSC_2025.jpg","width":2048,"height":1362,"mime_type":"image\/jpeg","source_url":"https:\/\/ietu.pl\/wp-content\/uploads\/2024\/03\/DSC_2025.jpg"}},"image_meta":{"aperture":"6.3","credit":"MINISTERSTWO KLIMATU I SRODOWISKA","camera":"NIKON Z 6_2","caption":"","created_timestamp":"1710258861","copyright":"","focal_length":"25","iso":"10000","shutter_speed":"0.000625","title":"","orientation":"1","keywords":[]}},"post":null,"source_url":"https:\/\/ietu.pl\/wp-content\/uploads\/2024\/03\/DSC_2025.jpg","_links":{"self":[{"href":"https:\/\/ietu.pl\/en\/wp-json\/wp\/v2\/media\/25184"}],"collection":[{"href":"https:\/\/ietu.pl\/en\/wp-json\/wp\/v2\/media"}],"about":[{"href":"https:\/\/ietu.pl\/en\/wp-json\/wp\/v2\/types\/attachment"}],"author":[{"embeddable":true,"href":"https:\/\/ietu.pl\/en\/wp-json\/wp\/v2\/users\/8"}],"replies":[{"embeddable":true,"href":"https:\/\/ietu.pl\/en\/wp-json\/wp\/v2\/comments?post=25184"}]}}

<p class="attachment"><a href='https://ietu.pl/wp-content/uploads/2024/03/DSC_2025.jpg'><img width="570" height="379" src="https://ietu.pl/wp-content/uploads/2024/03/DSC_2025-570x379.jpg" class="attachment-medium size-medium" alt="" decoding="async" loading="lazy" srcset="https://ietu.pl/wp-content/uploads/2024/03/DSC_2025-570x379.jpg 570w, https://ietu.pl/wp-content/uploads/2024/03/DSC_2025-1140x758.jpg 1140w, https://ietu.pl/wp-content/uploads/2024/03/DSC_2025-768x511.jpg 768w, https://ietu.pl/wp-content/uploads/2024/03/DSC_2025-1536x1022.jpg 1536w, https://ietu.pl/wp-content/uploads/2024/03/DSC_2025-150x100.jpg 150w, https://ietu.pl/wp-content/uploads/2024/03/DSC_2025-272x182.jpg 272w, https://ietu.pl/wp-content/uploads/2024/03/DSC_2025.jpg 2048w" sizes="(max-width: 570px) 100vw, 570px" /></a></p>
<p>Pani Minister Urszula Zielińska z wizytą w IETU - 12.03.2024. Fot. Z. Przybysz, MKiŚ</p>

<p>Pani Minister Urszula Zielińska z wizytą w IETU &#8211; 12.03.2024. Fot. Z. Przybysz, MKiŚ</p>
