{"id":5399,"date":"2018-02-23T15:14:05","date_gmt":"2018-02-23T14:14:05","guid":{"rendered":"https:\/\/ietu.pl\/wp-content\/uploads\/2018\/02\/DSC_0046.jpg"},"modified":"2018-02-23T15:14:05","modified_gmt":"2018-02-23T14:14:05","slug":"dsc_0046-2","status":"inherit","type":"attachment","link":"https:\/\/ietu.pl\/en\/dsc_0046-2\/","title":{"rendered":"DSC_0046"},"author":8,"comment_status":"open","ping_status":"closed","template":"","meta":[],"aioseo_notices":[],"description":{"rendered":"<p class=\"attachment\"><a href='https:\/\/ietu.pl\/wp-content\/uploads\/2018\/02\/DSC_0046.jpg'><img width=\"570\" height=\"379\" src=\"https:\/\/ietu.pl\/wp-content\/uploads\/2018\/02\/DSC_0046-570x379.jpg\" class=\"attachment-medium size-medium\" alt=\"\" decoding=\"async\" loading=\"lazy\" srcset=\"https:\/\/ietu.pl\/wp-content\/uploads\/2018\/02\/DSC_0046-570x379.jpg 570w, https:\/\/ietu.pl\/wp-content\/uploads\/2018\/02\/DSC_0046-768x510.jpg 768w, https:\/\/ietu.pl\/wp-content\/uploads\/2018\/02\/DSC_0046-1140x757.jpg 1140w, https:\/\/ietu.pl\/wp-content\/uploads\/2018\/02\/DSC_0046-151x100.jpg 151w, https:\/\/ietu.pl\/wp-content\/uploads\/2018\/02\/DSC_0046-272x182.jpg 272w, https:\/\/ietu.pl\/wp-content\/uploads\/2018\/02\/DSC_0046.jpg 2048w\" sizes=\"(max-width: 570px) 100vw, 570px\" \/><\/a><\/p>\n"},"caption":{"rendered":"<p>Debata ekspercka &#8220;Wczujmy si\u0119 w klimat &#8211; adaptacja w mie\u015bcie&#8221; &#8211; \u0141\u00f3d\u017a, 21.02.2018 &#8211; Szymon Tumielewicz, Ministerstwo \u015arodowiska<\/p>\n"},"alt_text":"","media_type":"image","mime_type":"image\/jpeg","media_details":{"width":2048,"height":1360,"file":"2018\/02\/DSC_0046.jpg","sizes":{"thumbnail":{"file":"DSC_0046-375x228.jpg","width":375,"height":228,"mime_type":"image\/jpeg","source_url":"https:\/\/ietu.pl\/wp-content\/uploads\/2018\/02\/DSC_0046-375x228.jpg"},"medium":{"file":"DSC_0046-570x379.jpg","width":570,"height":379,"mime_type":"image\/jpeg","source_url":"https:\/\/ietu.pl\/wp-content\/uploads\/2018\/02\/DSC_0046-570x379.jpg"},"medium_large":{"file":"DSC_0046-768x510.jpg","width":768,"height":510,"mime_type":"image\/jpeg","source_url":"https:\/\/ietu.pl\/wp-content\/uploads\/2018\/02\/DSC_0046-768x510.jpg"},"large":{"file":"DSC_0046-1140x757.jpg","width":1140,"height":757,"mime_type":"image\/jpeg","source_url":"https:\/\/ietu.pl\/wp-content\/uploads\/2018\/02\/DSC_0046-1140x757.jpg"},"post-thumbnail":{"file":"DSC_0046-1140x500.jpg","width":1140,"height":500,"mime_type":"image\/jpeg","source_url":"https:\/\/ietu.pl\/wp-content\/uploads\/2018\/02\/DSC_0046-1140x500.jpg"},"post-thumbnails":{"file":"DSC_0046-1920x400.jpg","width":1920,"height":400,"mime_type":"image\/jpeg","source_url":"https:\/\/ietu.pl\/wp-content\/uploads\/2018\/02\/DSC_0046-1920x400.jpg"},"slider":{"file":"DSC_0046-1920x800.jpg","width":1920,"height":800,"mime_type":"image\/jpeg","source_url":"https:\/\/ietu.pl\/wp-content\/uploads\/2018\/02\/DSC_0046-1920x800.jpg"},"page-slider":{"file":"DSC_0046-1920x503.jpg","width":1920,"height":503,"mime_type":"image\/jpeg","source_url":"https:\/\/ietu.pl\/wp-content\/uploads\/2018\/02\/DSC_0046-1920x503.jpg"},"imagebg":{"file":"DSC_0046-1920x1360.jpg","width":1920,"height":1360,"mime_type":"image\/jpeg","source_url":"https:\/\/ietu.pl\/wp-content\/uploads\/2018\/02\/DSC_0046-1920x1360.jpg"},"loga":{"file":"DSC_0046-151x100.jpg","width":151,"height":100,"mime_type":"image\/jpeg","source_url":"https:\/\/ietu.pl\/wp-content\/uploads\/2018\/02\/DSC_0046-151x100.jpg"},"pracownik":{"file":"DSC_0046-780x564.jpg","width":780,"height":564,"mime_type":"image\/jpeg","source_url":"https:\/\/ietu.pl\/wp-content\/uploads\/2018\/02\/DSC_0046-780x564.jpg"},"galeria-slider":{"file":"DSC_0046-1140x700.jpg","width":1140,"height":700,"mime_type":"image\/jpeg","source_url":"https:\/\/ietu.pl\/wp-content\/uploads\/2018\/02\/DSC_0046-1140x700.jpg"},"sow-carousel-default":{"file":"DSC_0046-272x182.jpg","width":272,"height":182,"mime_type":"image\/jpeg","source_url":"https:\/\/ietu.pl\/wp-content\/uploads\/2018\/02\/DSC_0046-272x182.jpg"},"full":{"file":"DSC_0046.jpg","width":2048,"height":1360,"mime_type":"image\/jpeg","source_url":"https:\/\/ietu.pl\/wp-content\/uploads\/2018\/02\/DSC_0046.jpg"}},"image_meta":{"aperture":"5.6","credit":"","camera":"NIKON D5000","caption":"????????????????????????????????????","created_timestamp":"1519206899","copyright":"","focal_length":"55","iso":"800","shutter_speed":"0.016666666666667","title":"","orientation":"1","keywords":[]}},"post":null,"source_url":"https:\/\/ietu.pl\/wp-content\/uploads\/2018\/02\/DSC_0046.jpg","_links":{"self":[{"href":"https:\/\/ietu.pl\/en\/wp-json\/wp\/v2\/media\/5399"}],"collection":[{"href":"https:\/\/ietu.pl\/en\/wp-json\/wp\/v2\/media"}],"about":[{"href":"https:\/\/ietu.pl\/en\/wp-json\/wp\/v2\/types\/attachment"}],"author":[{"embeddable":true,"href":"https:\/\/ietu.pl\/en\/wp-json\/wp\/v2\/users\/8"}],"replies":[{"embeddable":true,"href":"https:\/\/ietu.pl\/en\/wp-json\/wp\/v2\/comments?post=5399"}]}}

<p>Debata ekspercka &#8220;Wczujmy się w klimat &#8211; adaptacja w mieście&#8221; &#8211; Łódź, 21.02.2018 &#8211; Szymon Tumielewicz, Ministerstwo Środowiska</p>
