{"id":5445,"date":"2018-02-23T15:17:38","date_gmt":"2018-02-23T14:17:38","guid":{"rendered":"https:\/\/ietu.pl\/wp-content\/uploads\/2018\/02\/DSC_0312.jpg"},"modified":"2018-02-23T15:17:38","modified_gmt":"2018-02-23T14:17:38","slug":"dsc_0312-2","status":"inherit","type":"attachment","link":"https:\/\/ietu.pl\/en\/dsc_0312-2\/","title":{"rendered":"DSC_0312"},"author":8,"comment_status":"open","ping_status":"closed","template":"","meta":[],"aioseo_notices":[],"description":{"rendered":"<p class=\"attachment\"><a href='https:\/\/ietu.pl\/wp-content\/uploads\/2018\/02\/DSC_0312.jpg'><img width=\"570\" height=\"492\" src=\"https:\/\/ietu.pl\/wp-content\/uploads\/2018\/02\/DSC_0312-570x492.jpg\" class=\"attachment-medium size-medium\" alt=\"\" decoding=\"async\" loading=\"lazy\" srcset=\"https:\/\/ietu.pl\/wp-content\/uploads\/2018\/02\/DSC_0312-570x492.jpg 570w, https:\/\/ietu.pl\/wp-content\/uploads\/2018\/02\/DSC_0312-768x663.jpg 768w, https:\/\/ietu.pl\/wp-content\/uploads\/2018\/02\/DSC_0312-1140x984.jpg 1140w, https:\/\/ietu.pl\/wp-content\/uploads\/2018\/02\/DSC_0312-116x100.jpg 116w, https:\/\/ietu.pl\/wp-content\/uploads\/2018\/02\/DSC_0312.jpg 1978w\" sizes=\"(max-width: 570px) 100vw, 570px\" \/><\/a><\/p>\n"},"caption":{"rendered":"<p>Debata ekspercka &#8220;Wczujmy si\u0119 w klimat &#8211; adaptacja w mie\u015bcie&#8221; &#8211; \u0141\u00f3d\u017a, 21.02.2018 &#8211; dr Iwona Wagner<\/p>\n"},"alt_text":"","media_type":"image","mime_type":"image\/jpeg","media_details":{"width":1978,"height":1707,"file":"2018\/02\/DSC_0312.jpg","sizes":{"thumbnail":{"file":"DSC_0312-375x228.jpg","width":375,"height":228,"mime_type":"image\/jpeg","source_url":"https:\/\/ietu.pl\/wp-content\/uploads\/2018\/02\/DSC_0312-375x228.jpg"},"medium":{"file":"DSC_0312-570x492.jpg","width":570,"height":492,"mime_type":"image\/jpeg","source_url":"https:\/\/ietu.pl\/wp-content\/uploads\/2018\/02\/DSC_0312-570x492.jpg"},"medium_large":{"file":"DSC_0312-768x663.jpg","width":768,"height":663,"mime_type":"image\/jpeg","source_url":"https:\/\/ietu.pl\/wp-content\/uploads\/2018\/02\/DSC_0312-768x663.jpg"},"large":{"file":"DSC_0312-1140x984.jpg","width":1140,"height":984,"mime_type":"image\/jpeg","source_url":"https:\/\/ietu.pl\/wp-content\/uploads\/2018\/02\/DSC_0312-1140x984.jpg"},"post-thumbnail":{"file":"DSC_0312-1140x500.jpg","width":1140,"height":500,"mime_type":"image\/jpeg","source_url":"https:\/\/ietu.pl\/wp-content\/uploads\/2018\/02\/DSC_0312-1140x500.jpg"},"post-thumbnails":{"file":"DSC_0312-1920x400.jpg","width":1920,"height":400,"mime_type":"image\/jpeg","source_url":"https:\/\/ietu.pl\/wp-content\/uploads\/2018\/02\/DSC_0312-1920x400.jpg"},"slider":{"file":"DSC_0312-1920x800.jpg","width":1920,"height":800,"mime_type":"image\/jpeg","source_url":"https:\/\/ietu.pl\/wp-content\/uploads\/2018\/02\/DSC_0312-1920x800.jpg"},"page-slider":{"file":"DSC_0312-1920x503.jpg","width":1920,"height":503,"mime_type":"image\/jpeg","source_url":"https:\/\/ietu.pl\/wp-content\/uploads\/2018\/02\/DSC_0312-1920x503.jpg"},"imagebg":{"file":"DSC_0312-1920x1707.jpg","width":1920,"height":1707,"mime_type":"image\/jpeg","source_url":"https:\/\/ietu.pl\/wp-content\/uploads\/2018\/02\/DSC_0312-1920x1707.jpg"},"loga":{"file":"DSC_0312-116x100.jpg","width":116,"height":100,"mime_type":"image\/jpeg","source_url":"https:\/\/ietu.pl\/wp-content\/uploads\/2018\/02\/DSC_0312-116x100.jpg"},"pracownik":{"file":"DSC_0312-780x564.jpg","width":780,"height":564,"mime_type":"image\/jpeg","source_url":"https:\/\/ietu.pl\/wp-content\/uploads\/2018\/02\/DSC_0312-780x564.jpg"},"galeria-slider":{"file":"DSC_0312-1140x700.jpg","width":1140,"height":700,"mime_type":"image\/jpeg","source_url":"https:\/\/ietu.pl\/wp-content\/uploads\/2018\/02\/DSC_0312-1140x700.jpg"},"sow-carousel-default":{"file":"DSC_0312-272x182.jpg","width":272,"height":182,"mime_type":"image\/jpeg","source_url":"https:\/\/ietu.pl\/wp-content\/uploads\/2018\/02\/DSC_0312-272x182.jpg"},"full":{"file":"DSC_0312.jpg","width":1978,"height":1707,"mime_type":"image\/jpeg","source_url":"https:\/\/ietu.pl\/wp-content\/uploads\/2018\/02\/DSC_0312.jpg"}},"image_meta":{"aperture":"4.5","credit":"","camera":"NIKON D5000","caption":"????????????????????????????????????","created_timestamp":"1519223606","copyright":"","focal_length":"110","iso":"800","shutter_speed":"0.016666666666667","title":"","orientation":"1","keywords":[]}},"post":null,"source_url":"https:\/\/ietu.pl\/wp-content\/uploads\/2018\/02\/DSC_0312.jpg","_links":{"self":[{"href":"https:\/\/ietu.pl\/en\/wp-json\/wp\/v2\/media\/5445"}],"collection":[{"href":"https:\/\/ietu.pl\/en\/wp-json\/wp\/v2\/media"}],"about":[{"href":"https:\/\/ietu.pl\/en\/wp-json\/wp\/v2\/types\/attachment"}],"author":[{"embeddable":true,"href":"https:\/\/ietu.pl\/en\/wp-json\/wp\/v2\/users\/8"}],"replies":[{"embeddable":true,"href":"https:\/\/ietu.pl\/en\/wp-json\/wp\/v2\/comments?post=5445"}]}}

<p>Debata ekspercka &#8220;Wczujmy się w klimat &#8211; adaptacja w mieście&#8221; &#8211; Łódź, 21.02.2018 &#8211; dr Iwona Wagner</p>
